2, 5, 79, 509
List the prime factors of 14934091.
14934091
What are the prime factors of 1973899?
61, 32359
What are the prime factors of 474108?
2, 3, 39509
List the prime factors of 3396672.
2, 3, 5897
What are the prime factors of 988360?
2, 5, 24709
List the prime factors of 620545.
5, 79, 1571
What are the prime factors of 228473?
7, 127, 257
What are the prime factors of 2928507?
3, 29, 41, 821
What are the prime factors of 18980319?
3, 613, 10321
What are the prime factors of 4169768?
2, 233, 2237
What are the prime factors of 6113435?
5, 263, 4649
List the prime factors of 82790.
2, 5, 17, 487
What are the prime factors of 261222?
2, 3, 13, 17, 197
List the prime factors of 10658152.
2, 43, 30983
List the prime factors of 10248.
2, 3, 7, 61
What are the prime factors of 24617105?
5, 17, 109, 2657
List the prime factors of 678170.
2, 5, 73, 929
What are the prime factors of 20362932?
2, 3, 565637
List the prime factors of 142742.
2, 149, 479
What are the prime factors of 326147?
326147
What are the prime factors of 1094864?
2, 41, 1669
List the prime factors of 10830697.
10830697
List the prime factors of 1415523.
3, 471841
What are the prime factors of 2310394?
2, 149, 7753
List the prime factors of 1048784.
2, 11, 59, 101
List the prime factors of 3058275.
3, 5, 11, 337
List the prime factors of 131299.
7, 18757
List the prime factors of 6838577.
29, 235813
List the prime factors of 104384.
2, 7, 233
What are the prime factors of 9750?
2, 3, 5, 13
List the prime factors of 393745.
5, 11, 7159
List the prime factors of 5779485.
3, 5, 31, 1381
What are the prime factors of 23912309?
139, 172031
List the prime factors of 268896.
2, 3, 2801
List the prime factors of 922860.
2, 3, 5, 1709
List the prime factors of 9185.
5, 11, 167
What are the prime factors of 281579?
281579
What are the prime factors of 368116?
2, 7, 13147
What are the prime factors of 20257033?
2089, 9697
What are the prime factors of 2985102?
2, 3, 383, 433
List the prime factors of 1728306.
2, 3, 96017
List the prime factors of 1066417.
11, 29, 3343
What are the prime factors of 1316515?
5, 263303
List the prime factors of 1466060.
2, 5, 73303
List the prime factors of 342589.
13, 19, 73
What are the prime factors of 3954328?
2, 7, 241, 293
List the prime factors of 1691949.
3, 7, 23, 31, 113
What are the prime factors of 754621?
7, 67, 1609
List the prime factors of 416713.
11, 43, 881
List the prime factors of 2487473.
23, 37, 79
List the prime factors of 3080525.
5, 7, 29, 607
List the prime factors of 1942685.
5, 37, 10501
What are the prime factors of 62680?
2, 5, 1567
What are the prime factors of 10205312?
2, 13, 6133
List the prime factors of 4456673.
13, 342821
List the prime factors of 353211.
3, 23, 5119
List the prime factors of 506985.
3, 5, 73, 463
List the prime factors of 2748.
2, 3, 229
List the prime factors of 57759.
3, 13, 1481
What are the prime factors of 42473788?
2, 7, 216703
What are the prime factors of 5718394?
2, 11, 29, 8963
What are the prime factors of 308328?
2, 3, 29, 443
What are the prime factors of 4083166?
2, 2041583
List the prime factors of 6663048.
2, 3, 7, 17, 2333
List the prime factors of 321934.
2, 160967
List the prime factors of 14960219.
127, 117797
List the prime factors of 629491.
629491
What are the prime factors of 131271?
3, 7, 19, 47
List the prime factors of 4469754.
2, 3, 744959
What are the prime factors of 132921?
3, 547
List the prime factors of 1731617.
1731617
List the prime factors of 3362348.
2, 11, 6947
List the prime factors of 36356.
2, 61, 149
What are the prime factors of 150269?
7, 21467
List the prime factors of 178090.
2, 5, 11, 1619
What are the prime factors of 185531?
185531
What are the prime factors of 14009730?
2, 3, 5, 7, 66713
What are the prime factors of 8911750?
2, 5, 43, 829
What are the prime factors of 6899338?
2, 3449669
What are the prime factors of 1611014?
2, 805507
List the prime factors of 2313019.
107, 21617
What are the prime factors of 4623508?
2, 53, 113, 193
What are the prime factors of 18054991?
18054991
What are the prime factors of 4358878?
2, 373, 5843
What are the prime factors of 1730240?
2, 5, 5407
List the prime factors of 23484144.
2, 3, 41, 11933
What are the prime factors of 27496176?
2, 3, 29, 19753
List the prime factors of 58024.
2, 7253
List the prime factors of 103996.
2, 25999
List the prime factors of 14910078.
2, 3, 43, 57791
What are the prime factors of 134713?
107, 1259
What are the prime factors of 2280103?
7, 325729
What are the prime factors of 8945045?
5, 23, 77783
List the prime factors of 44282.
2, 7, 3163
List the prime factors of 62889.
3, 20963
What are the prime factors of 733528?
2, 91691
List the prime factors of 1053676.
2, 13, 23, 881
List the prime factors of 1163064.
2, 3, 7, 23, 43
List the prime factors of 16554503.
7, 23, 37, 397
What are the prime factors of 1382435?
5, 276487
What are the prime factors of 159525?
3, 5, 709
What are the prime factors of 16496983?
113, 145991
What are the prime factors of 15467726?
2, 79, 223, 439
List the prime factors of 437947.
437947
What are the prime factors of 1828426?
2, 914213
What are the prime factors of 1299194?
2, 13, 107, 467
List the prime factors of 331502.
2, 83, 1997
List the prime factors of 410624.
2, 401
List the prime factors of 1563942.
2, 3, 277, 941
What are the prime factors of 409829?
7, 127, 461
List the prime factors of 5829347.
349, 16703
What are the prime factors of 2636809?
7, 376687
What are the prime factors of 4998128?
2, 312383
List the prime factors of 8719407.
3, 107647
What are the prime factors of 7296876?
2, 3, 17, 11923
What are the prime factors of 3522809?
19, 31, 5981
List the prime factors of 4414646.
2, 2207323
What are the prime factors of 78047?
17, 4591
What are the prime factors of 554681?
157, 3533
List the prime factors of 143353.
7, 20479
What are the prime factors of 2871844?
2, 17, 157, 269
What are the prime factors of 374859?
3, 41651
List the prime factors of 78390.
2, 3, 5, 13, 67
List the prime factors of 20251719.
3, 1051, 2141
List the prime factors of 74484.
2, 3, 2069
What are the prime factors of 160271?
293, 547
List the prime factors of 1560872.
2, 17, 23, 499
List the prime factors of 116397.
3, 479
List the prime factors of 429292.
2, 107323
What are the prime factors of 5374553?
5374553
What are the prime factors of 11434274?
2, 197, 29021
List the prime factors of 6330456.
2, 3, 11, 7993
List the prime factors of 313729.
13, 24133
List the prime factors of 3966081.
3, 7, 188861
List the prime factors of 73363.
73363
What are the prime factors of 11131962?
2, 3, 1855327
List the prime factors of 9871014.
2, 3, 1645169
What are the prime factors of 64924?
2, 16231
What are the prime factors of 3137188?
2, 131, 5987
What are the prime factors of 2060163?
3, 7, 53, 617
What are the prime factors of 135445?
5, 103, 263
List the prime factors of 1385506.
2, 692753
What are the prime factors of 49695?
3, 5, 3313
What are the prime factors of 998188?
2, 257, 971
What are the prime factors of 28905629?
28905629
List the prime factors of 543100.
2, 5, 5431
What are the prime factors of 228008?
2, 11, 2591
What are the prime factors of 506050?
2, 5, 29, 349
List the prime factors of 8050655.
5, 1610131
List the prime factors of 185032.
2, 101, 229
What are the prime factors of 238934?
2, 193, 619
What are the prime factors of 73944?
2, 3, 13, 79
List the prime factors of 8024918.
2, 11, 17, 43, 499
List the prime factors of 117403.
11, 13, 821
List the prime factors of 1171241.
1171241
What are the prime factors of 9621645?
3, 5, 11, 58313
List the prime factors of 13664147.
7, 1952021
List the prime factors of 10963430.
2, 5, 457, 2399
List the prime factors of 452328.
2, 3, 47, 401
List the prime factors of 1046828.
2, 261707
List the prime factors of 1536404.
2, 191, 2011
List the prime factors of 3264115.
5, 647, 1009
List the prime factors of 1466427.
3, 167, 2927
What are the prime factors of 186661?
73, 2557
What are the prime factors of 175729?
17, 10337
List the prime factors of 5638390.
2, 5, 17, 1951
List the prime factors of 1393285.
5, 59, 4723
List the prime factors of 35662.
2, 11, 1621
List the prime factors of 522044.
